
{"id":11637,"date":"2018-03-02T20:28:08","date_gmt":"2018-03-02T18:28:08","guid":{"rendered":"http:\/\/luckymanconcerts.de\/?page_id=11637"},"modified":"2026-01-28T17:13:38","modified_gmt":"2026-01-28T15:13:38","slug":"petzenhauser-waehlt-fsc-hart","status":"publish","type":"page","link":"https:\/\/www.luckymanconcerts.de\/?page_id=11637","title":{"rendered":"Petzenhauser &#038; W\u00e4hlt"},"content":{"rendered":"<p><strong>Vorverkauf:<\/strong> 29,80 \u20ac<\/p>\n<p><strong>Abendkasse:<\/strong> 32 \u20ac<\/p>\n<p><strong>Reservierung:<\/strong> Keine Reservierung<\/p>\n<p><strong>Erm\u00e4\u00dfigte Tickets:<\/strong> Keine Erm\u00e4\u00dfigung<\/p>\n<p><strong>Vorverkaufstellen:<\/strong><br \/>\n<a href=\"https:\/\/kulturplus-management.fairetickets.de\/mhu7l\/c\/acT3PixVF\/\" target=\"_blank\" rel=\"noopener\">Faire Tickets GmbH<\/a><\/p>\n<p><strong>Restkarten:<\/strong> An der Abendkasse vorhanden<\/p>\n<p><a href=\"http:\/\/luckymanconcerts.de\/?page_id=152\">Allgemeine Gesch\u00e4ftsbedingungen<\/a><\/p>\n","protected":false},"excerpt":{"rendered":"<p>Vorverkauf: 29,80 \u20ac Abendkasse: 32 \u20ac Reservierung: Keine Reservierung Erm\u00e4\u00dfigte Tickets: Keine Erm\u00e4\u00dfigung Vorverkaufstellen: Faire Tickets GmbH Restkarten: An der Abendkasse vorhanden Allgemeine Gesch\u00e4ftsbedingungen<\/p>\n","protected":false},"author":5,"featured_media":0,"parent":0,"menu_order":0,"comment_status":"closed","ping_status":"closed","template":"","meta":{"_et_pb_use_builder":"","_et_pb_old_content":"","_et_gb_content_width":"","ngg_post_thumbnail":0,"footnotes":""},"class_list":["post-11637","page","type-page","status-publish","hentry"],"_links":{"self":[{"href":"https:\/\/www.luckymanconcerts.de\/index.php?rest_route=\/wp\/v2\/pages\/11637","targetHints":{"allow":["GET"]}}],"collection":[{"href":"https:\/\/www.luckymanconcerts.de\/index.php?rest_route=\/wp\/v2\/pages"}],"about":[{"href":"https:\/\/www.luckymanconcerts.de\/index.php?rest_route=\/wp\/v2\/types\/page"}],"author":[{"embeddable":true,"href":"https:\/\/www.luckymanconcerts.de\/index.php?rest_route=\/wp\/v2\/users\/5"}],"replies":[{"embeddable":true,"href":"https:\/\/www.luckymanconcerts.de\/index.php?rest_route=%2Fwp%2Fv2%2Fcomments&post=11637"}],"version-history":[{"count":2,"href":"https:\/\/www.luckymanconcerts.de\/index.php?rest_route=\/wp\/v2\/pages\/11637\/revisions"}],"predecessor-version":[{"id":19282,"href":"https:\/\/www.luckymanconcerts.de\/index.php?rest_route=\/wp\/v2\/pages\/11637\/revisions\/19282"}],"wp:attachment":[{"href":"https:\/\/www.luckymanconcerts.de\/index.php?rest_route=%2Fwp%2Fv2%2Fmedia&parent=11637"}],"curies":[{"name":"wp","href":"https:\/\/api.w.org\/{rel}","templated":true}]}}