
{"id":152,"date":"2014-03-31T10:56:09","date_gmt":"2014-03-31T08:56:09","guid":{"rendered":"http:\/\/luckyman-concerts.de\/?page_id=152"},"modified":"2019-09-24T17:11:56","modified_gmt":"2019-09-24T15:11:56","slug":"agb","status":"publish","type":"page","link":"https:\/\/www.luckymanconcerts.de\/?page_id=152","title":{"rendered":"AGB"},"content":{"rendered":"<h4>Allgemeine Gesch\u00e4ftsbedingungen (AGB)<\/h4>\n<p>&nbsp;<\/p>\n<p>lmc = luckyman concerts GbR<\/p>\n<p>&nbsp;<\/p>\n<p><strong>1. Geltungsbereich<\/strong><\/p>\n<p><strong>1.1.<\/strong> Diese Allgemeinen Gesch\u00e4ftsbedingungen gelten bei Veranstaltungen, bei denen lmc Veranstalter ist und sie gelten auch f\u00fcr Veranstaltungen, die lmc organisiert. Sie regeln das Rechtsverh\u00e4ltnis zwischen lmc und dem Erwerber von Eintrittskarten, bzw. zwischen lmc und dem Veranstaltungsbesucher.<\/p>\n<p><strong>1.2.<\/strong> Der Kunde best\u00e4tigt mit dem Erwerb, bzw. mit der Reservierung<br \/>\nder Eintrittskarte , dass er diese AGB zur Kenntnis genommen hat und sie bindend akzeptiert.<\/p>\n<p><strong>1.3.<\/strong> Neben diesen AGB gelten&nbsp; auch die AGB der Betreiber der jeweiligen Veranstaltungsr\u00e4umlichkeiten.<\/p>\n<p><strong>1.4.<\/strong> Weiterhin gelten auch die Hausordnungen der Betreiber der jeweiligen Veranstaltungsr\u00e4umlichkeiten<\/p>\n<p>&nbsp;<\/p>\n<p><strong>2. Kartenvorverkauf<\/strong><\/p>\n<p><strong>2.2.<\/strong> Die Vorverkaufsstellen von Eintrittskarten f\u00fcr Veranstaltungen von lmc&nbsp; haben wir auf einer Seite zusammengefasst. Nicht jede Eintrittskarten erh\u00e4lt man bei jeder Vorverkaufsstelle. Die Vorverkaufsstellen f\u00fcr die jeweilige Veranstaltung sind auf der Seite Aktuell bei Upcoming Events unter Buy Tickets zu sehen.<\/p>\n<p><strong>2.1.<\/strong> Grunds\u00e4tzlich gibt lmc die Kartenpreise inkl. MwSt, ohne VVK Geb\u00fchr, ohne Systemgeb\u00fchr und ohne Bearbeitungsgeb\u00fchr an. Die Preise f\u00fcr Eintrittskarten unserer Vertriebspartner weichen von einander ab, weil deren Geb\u00fchren unterschiedlich sind.<\/p>\n<p><strong>2.3.<\/strong> Beim Erwerb von Eintrittskarten \u00fcber unsere Vertriebspartner gelten zus\u00e4tzlich deren AGB.<\/p>\n<p><strong>2.4.<\/strong> lmc betreibt keinen Vorverkauf f\u00fcr Eintrittskarten. Somit k\u00f6nnen \u00fcber unsere Internetseite keine Eintrittskarten bestellt werden.<\/p>\n<p>&nbsp;<\/p>\n<p><strong>3. Kartenreservierung<\/strong><\/p>\n<p><strong>3.1.<\/strong> Es gibt die M\u00f6glichkeit Eintrittskarten telefonisch beim Reiseb\u00fcro Sunreise zu reservieren \u2013 siehe Vorverkaufsstellen.<\/p>\n<p><strong>3.2.<\/strong> Weiterhin gibt es die M\u00f6glichkeit Eintrittskarten \u00fcber die Internetseite von lmc zu reservieren. Dazu gibt es ein Formular auf der Seite Reservierung.<\/p>\n<p><strong>3.3.<\/strong> Nicht f\u00fcr jede Veranstaltung kann eine Kartenreservierung angenommen werden. Die M\u00f6glichkeit einer Reservierung erf\u00e4hrt man auf der Seite Aktuell bei Upcoming Events unter Buy Tickets.<\/p>\n<p><strong>3.4.<\/strong> Es werden nur Reservierungen angenommen, wenn die Angaben des Kunden vollst\u00e4ndig sind \u2013 Name, Anschrift, Telefon, Event.<\/p>\n<p><strong>3.5.<\/strong> Reservierte Eintrittskarten werden an der Abendkasse hinterlegt und sind dort bar zu bezahlen.<\/p>\n<p><strong>3.6.<\/strong> Eine Kartenreservierung ist grunds\u00e4tzlich verbindlich, da durch die Reservierung ein rechtsverbindlicher Vertrag zustande gekommen ist.<\/p>\n<p><strong>3.7.<\/strong> Innerhalb von 48 Stunden kann eine Kartenreservierung storniert werden. Erfolgt keine Stornierung, sind die Eintrittskarten an der Abendkasse abzuholen und dort zu bezahlen.<\/p>\n<p><strong>3.8.<\/strong> Eine reservierte Eintrittskarte wird nicht weitergegeben. Somit werden reservierte,&nbsp; jedoch nicht abgeholte Eintrittskarten von lmc in Rechnung gestellt.<\/p>\n<p><strong>3.9.<\/strong> F\u00fcr die Reservierung von Eintrittskarten wird eine Bearbeitungsgeb\u00fchr berechnet. Den Preis, welcher f\u00fcr reservierte Eintrittskarten bezahlt werden muss, erfahren sie auf der Seite Aktuell bei Upcoming Events unter Buy Tickets.<\/p>\n<p>&nbsp;<\/p>\n<p><strong>4. Kartenr\u00fcckgabe<\/strong><\/p>\n<p><strong>4.1.<\/strong> Grunds\u00e4tzlich ist die R\u00fcckgabe einer Eintrittskarte nicht m\u00f6glich.<\/p>\n<p><strong>4.2<\/strong>. Bei Ausfall, Verlegung oder Terminverschiebung einer Veranstaltung wird von der oben genannten Regel Abstand genommen und es k\u00f6nnen Eintrittskarten zur\u00fcckgegeben werden.<\/p>\n<p><strong>4.3.<\/strong> Die R\u00fcckerstattung der Vorverkaufs,- System- oder Bearbeitungsgeb\u00fchr erfolgt nicht. Die Leistung des Vorverkaufs der Eintrittskarten&nbsp; wurde bereits von unseren Vertriebspartner erbracht und muss somit bezahlt bleiben.<\/p>\n<p>&nbsp;<\/p>\n<p><strong>5. Abendkasse<\/strong><\/p>\n<p><strong>5.1.<\/strong> Grunds\u00e4tzlich gibt es eine Abendkasse.<\/p>\n<p><strong>5.2.<\/strong> Die Abendkasse \u00f6ffnet mit dem Einlass, in der Regel eine Stunde vor Konzertbeginn.<\/p>\n<p><strong>5.3.<\/strong> Ist eine Veranstaltung im Vorverkauf ausverkauft und wurden keine Eintrittskarten reserviert, ist die Abendkasse geschlossen.<\/p>\n<p>&nbsp;<\/p>\n<p><strong>6. Gutschein<\/strong><\/p>\n<p><strong>6.1.<\/strong> Es gibt die M\u00f6glichkeit Gutscheine \u00fcber die Internetseite von lmc zu erwerben. Dazu gibt es ein Formular auf der Seite Gutschein.<\/p>\n<p><strong>6.2.<\/strong> Ist das Formular, vollst\u00e4ndig ausgef\u00fcllt, vom Kunden abgeschickt worden, wird die Bestellung von lmc bearbeitet.<\/p>\n<p><strong>6.3.<\/strong> Anschlie\u00dfend wird der Gutschein, inkl. Rechnung, mit der Post an den Kunden verschickt. Begleicht der Kunde den Rechnungsbetrag \u00fcber unser Firmenkonto bekommt der Gutschein seine G\u00fcltigkeit. Unsere Bankverbindung ist auf der Seite Impressum einzusehen.<\/p>\n<p>&nbsp;<\/p>\n<p><strong>7. Ausfall einer Veranstaltung<\/strong><\/p>\n<p><strong>7.1.<\/strong> Beim Ausfall einer Veranstaltung ist die Abendkasse ge\u00f6ffnet. Der Kunde hat dort die M\u00f6glichkeit, die Eintrittskarten zur\u00fcckzugeben.<\/p>\n<p>&nbsp;<\/p>\n<p><strong>8. Verlegung einer Veranstaltung<\/strong><\/p>\n<p><strong>8.1.<\/strong> lmc beh\u00e4lt sich vor, den Zeitpunkt und den Ort einer Veranstaltung zu \u00e4ndern.<\/p>\n<p><strong>8.2.<\/strong> Die Eintrittskarten behalten grunds\u00e4tzlich ihre G\u00fcltigkeit. Sie k\u00f6nnen aber bei der urspr\u00fcnglich geplanten Veranstaltung an der Abendkasse zur\u00fcckgegeben werden.<\/p>\n<p>&nbsp;<\/p>\n<p><strong>9. \u00c4nderung einer Veranstaltung<\/strong><\/p>\n<p><strong>9.1.<\/strong> lmc beh\u00e4lt sich vor, die Besetzung und das Programm einer Veranstaltung zu \u00e4ndern.<\/p>\n<p><strong>9.2.<\/strong> Wegen dieser \u00c4nderung k\u00f6nnen keine Eintrittskarten zur\u00fcckgegeben werden.<\/p>\n<p>&nbsp;<\/p>\n<p><strong>10. Garderobe und Haftung<\/strong><\/p>\n<p><strong>10.1.<\/strong> F\u00fcr verlorene, vergessene, vertauschte oder entwendete Kleidungsst\u00fccke und Gegenst\u00e4nde \u00fcbernimmt lmc keine Haftung.<\/p>\n<p>&nbsp;<\/p>\n<p><strong>11. Regeln f\u00fcr alle Veranstaltungen<\/strong><\/p>\n<p><strong>11.1.<\/strong> Jugendliche unter 18 Jahren haben ohne Begleitung eines Erziehungsberechtigten zu Veranstaltungen von lmc keinen Zutritt.<\/p>\n<p><strong>11.2.<\/strong> lmc beh\u00e4lt sich vor, den Kunden den Einlass aus wichtigen Grund zu verweigern. Der Eintrittspreis wird dann zur\u00fcckerstattet.<\/p>\n<p><strong>11.3.<\/strong> Das Betreten der B\u00fchne ist den Kunden nicht gestattet.<\/p>\n<p><strong>11.4.<\/strong> Der Aufenthalt im Backstagebereich ist den Kunden nicht gestattet.<\/p>\n<p><strong>11.5.<\/strong> Laut den gesetzlichen Bedingungen darf nicht geraucht werden.<\/p>\n<p><strong>11.6.<\/strong> Es gibt keine Sitzplatzgarantie. Au\u00dfer die Veranstaltung wurde ausdr\u00fccklich als bestuhlt ausgewiesen.<\/p>\n<p><strong>11.7.<\/strong> Ton-, Foto-, Film- und Videoaufnahmen, auch f\u00fcr den privaten Gebrauch, sind nur nach vorheriger Absprache mit lmc gestattet. Zuwiderhandlungen k\u00f6nnen zum Ausschluss einer Veranstaltung f\u00fchren.<br \/>\nlmc ist berechtigt, Kameras und Aufnahmeger\u00e4te einzuziehen und bis zum Ende der Veranstaltung einzubehalten.<\/p>\n<p><strong>11.8.<\/strong> Das Mitbringen von Dosen, Flaschen, Getr\u00e4nken, Essen, Tieren, Waffen, Feuerwerksk\u00f6rpern, brennbaren Gasen und Fl\u00fcssigkeiten ist nicht gestattet. Das Veranstaltungspersonal ist berechtigt Kontrollen durchzuf\u00fchren.<\/p>\n<p><strong>11.9.<\/strong> Die Anweisungen des Veranstaltungspersonals ist Folge zu leisten. Sie dienen der Sicherheit der Besucher. Dieses Weisungsrecht erstreckt sich auch auf den Eingangsbereich au\u00dferhalb der Veranstaltungsst\u00e4tte.<\/p>\n<p><strong>11.10.<\/strong> Tr\u00e4gern von Kutten gew\u00e4hren wir keinen Einlass. Nach Ablegen der Kutte kann der Einlass gew\u00e4hrt werden. Bei bereits gekauften Tickets und Nichtablegen der Kutte wird der Eintrittspreis nicht zur\u00fcckerstattet.<\/p>\n<p><strong>12. Datenschutz<\/strong><\/p>\n<p><strong>12.1.<\/strong> lmc speichert und verarbeitet die vom Kunden angegebenen Daten f\u00fcr die Zwecke der beiderseitigen Vertragserf\u00fcllung. Die Daten werden ausschlie\u00dflich zum Zweck der Kundeninformation verwendet ( Ticketreservierung, Gutscheinbestellung, Newsletter, Informationen \u00fcber Programm\u00e4nderungen oder Veranstaltungsausfall).<\/p>\n<p><strong>12.2.<\/strong> Der Kunde hat jederzeit Anspruch auf kostenlose Auskunft, Berichtigung, Sperrung oder L\u00f6schung seiner gespeicherten Daten.<\/p>\n<p><strong>13. Recht<\/strong><\/p>\n<p><strong>13.1.<\/strong> Es gilt ausschlie\u00dflich das Recht der Bundesrepublik Deutschland.<\/p>\n<p><strong>13.2.<\/strong> Erf\u00fcllungsort und Gerichtsstand f\u00fcr beiderseitige Verpflichtungen ist Alt\u00f6tting.<\/p>\n<p>&nbsp;<\/p>\n<p><strong>14. Schlussbestimmungen<\/strong><\/p>\n<p><strong>14.1.<\/strong> Sollte eine Bestimmung in diesen Gesch\u00e4ftsbedingungen unwirksam sein oder werden, so wird hiervon die Wirksamkeit aller \u00fcbrigen Bestimmungen nicht ber\u00fchrt.<\/p>\n<p><strong>14.2.<\/strong> M\u00fcndliche Vertragsvereinbarungen werden nicht getroffen. Wirksam sind ausschlie\u00dflich Vereinbarungen in Textform. Ein Abweichen von der Textform muss ebenfalls in Textform vereinbart werden.<\/p>\n","protected":false},"excerpt":{"rendered":"<p>Allgemeine Gesch\u00e4ftsbedingungen (AGB) &nbsp; lmc = luckyman concerts GbR &nbsp; 1. Geltungsbereich 1.1. Diese Allgemeinen Gesch\u00e4ftsbedingungen gelten bei Veranstaltungen, bei denen lmc Veranstalter ist und sie gelten auch f\u00fcr Veranstaltungen, die lmc organisiert. Sie regeln das Rechtsverh\u00e4ltnis zwischen lmc und dem Erwerber von Eintrittskarten, bzw. zwischen lmc und dem Veranstaltungsbesucher. 1.2. Der Kunde best\u00e4tigt mit&hellip;<\/p>\n","protected":false},"author":1,"featured_media":0,"parent":0,"menu_order":0,"comment_status":"open","ping_status":"open","template":"","meta":{"_et_pb_use_builder":"","_et_pb_old_content":"","_et_gb_content_width":"","ngg_post_thumbnail":0,"footnotes":""},"class_list":["post-152","page","type-page","status-publish","hentry"],"_links":{"self":[{"href":"https:\/\/www.luckymanconcerts.de\/index.php?rest_route=\/wp\/v2\/pages\/152","targetHints":{"allow":["GET"]}}],"collection":[{"href":"https:\/\/www.luckymanconcerts.de\/index.php?rest_route=\/wp\/v2\/pages"}],"about":[{"href":"https:\/\/www.luckymanconcerts.de\/index.php?rest_route=\/wp\/v2\/types\/page"}],"author":[{"embeddable":true,"href":"https:\/\/www.luckymanconcerts.de\/index.php?rest_route=\/wp\/v2\/users\/1"}],"replies":[{"embeddable":true,"href":"https:\/\/www.luckymanconcerts.de\/index.php?rest_route=%2Fwp%2Fv2%2Fcomments&post=152"}],"version-history":[{"count":1,"href":"https:\/\/www.luckymanconcerts.de\/index.php?rest_route=\/wp\/v2\/pages\/152\/revisions"}],"predecessor-version":[{"id":14423,"href":"https:\/\/www.luckymanconcerts.de\/index.php?rest_route=\/wp\/v2\/pages\/152\/revisions\/14423"}],"wp:attachment":[{"href":"https:\/\/www.luckymanconcerts.de\/index.php?rest_route=%2Fwp%2Fv2%2Fmedia&parent=152"}],"curies":[{"name":"wp","href":"https:\/\/api.w.org\/{rel}","templated":true}]}}