
{"id":18949,"date":"2025-09-05T19:56:56","date_gmt":"2025-09-05T17:56:56","guid":{"rendered":"https:\/\/www.luckymanconcerts.de\/?page_id=18949"},"modified":"2025-11-12T17:19:08","modified_gmt":"2025-11-12T15:19:08","slug":"iron-maiden-tribute","status":"publish","type":"page","link":"https:\/\/www.luckymanconcerts.de\/?page_id=18949","title":{"rendered":"Iron Maiden Tribute"},"content":{"rendered":"<p><strong>Vorverkauf:<\/strong> 24 \u20ac<\/p>\n<p><strong>Abendkasse:<\/strong> 26 \u20ac<\/p>\n<p><strong>Reservierung:<\/strong> 24 \u20ac<br \/>\n<a href=\"https:\/\/www.luckymanconcerts.de\/?page_id=679\" target=\"_blank\" rel=\"noopener\">luckyman concerts GbR<\/a><br \/>\nReservierungshotline +(49) 179 \/ 13 14 92 2<br \/>\nKiosk am Brunnenhof \/ Garching\/Alz \/ +(49) 08634 \/ 98 66 61 6<\/p>\n<p><strong>Erm\u00e4\u00dfigte Tickets:<\/strong> 19 \u20ac<br \/>\n5 \u20ac Erm\u00e4\u00dfigung f\u00fcr BUFDIS, Sch\u00fcler, Studenten und Schwerbehinderte<br \/>\nRollstuhlfahrer zahlen keinen Eintritt \/ Anmeldung +(49) 179 \/ 13 14 92 2<\/p>\n<p><strong>Vorverkaufstellen:<br \/>\n<\/strong><a href=\"https:\/\/events.fairetickets.de\/rhpt3\/c\/ifnySGNHo\/\" target=\"_blank\" rel=\"noopener\">Faire Tickets GmbH<\/a><br \/>\nGasthaus Zum Br\u00e4u \/ Garching\/Alz \/ +(49) 08634 \/ 66 52 29<br \/>\nKiosk am Brunnenhof \/ Garching\/Alz \/ +(49) 08634 \/ 98 66 61 6<\/p>\n<p><strong>Restkarten:<\/strong> An der Abendkasse vorhanden<\/p>\n<p><a href=\"http:\/\/luckymanconcerts.de\/?page_id=152\">Allgemeine Gesch\u00e4ftsbedingungen<\/a><\/p>\n","protected":false},"excerpt":{"rendered":"<p>Vorverkauf: 24 \u20ac Abendkasse: 26 \u20ac Reservierung: 24 \u20ac luckyman concerts GbR Reservierungshotline +(49) 179 \/ 13 14 92 2 Kiosk am Brunnenhof \/ Garching\/Alz \/ +(49) 08634 \/ 98 66 61 6 Erm\u00e4\u00dfigte Tickets: 19 \u20ac 5 \u20ac Erm\u00e4\u00dfigung f\u00fcr BUFDIS, Sch\u00fcler, Studenten und Schwerbehinderte Rollstuhlfahrer zahlen keinen Eintritt \/ Anmeldung +(49) 179 \/&hellip;<\/p>\n","protected":false},"author":8,"featured_media":0,"parent":0,"menu_order":0,"comment_status":"closed","ping_status":"closed","template":"","meta":{"_et_pb_use_builder":"","_et_pb_old_content":"","_et_gb_content_width":"","ngg_post_thumbnail":0,"footnotes":""},"class_list":["post-18949","page","type-page","status-publish","hentry"],"_links":{"self":[{"href":"https:\/\/www.luckymanconcerts.de\/index.php?rest_route=\/wp\/v2\/pages\/18949","targetHints":{"allow":["GET"]}}],"collection":[{"href":"https:\/\/www.luckymanconcerts.de\/index.php?rest_route=\/wp\/v2\/pages"}],"about":[{"href":"https:\/\/www.luckymanconcerts.de\/index.php?rest_route=\/wp\/v2\/types\/page"}],"author":[{"embeddable":true,"href":"https:\/\/www.luckymanconcerts.de\/index.php?rest_route=\/wp\/v2\/users\/8"}],"replies":[{"embeddable":true,"href":"https:\/\/www.luckymanconcerts.de\/index.php?rest_route=%2Fwp%2Fv2%2Fcomments&post=18949"}],"version-history":[{"count":8,"href":"https:\/\/www.luckymanconcerts.de\/index.php?rest_route=\/wp\/v2\/pages\/18949\/revisions"}],"predecessor-version":[{"id":19026,"href":"https:\/\/www.luckymanconcerts.de\/index.php?rest_route=\/wp\/v2\/pages\/18949\/revisions\/19026"}],"wp:attachment":[{"href":"https:\/\/www.luckymanconcerts.de\/index.php?rest_route=%2Fwp%2Fv2%2Fmedia&parent=18949"}],"curies":[{"name":"wp","href":"https:\/\/api.w.org\/{rel}","templated":true}]}}