
{"id":2408,"date":"2014-07-03T10:37:03","date_gmt":"2014-07-03T08:37:03","guid":{"rendered":"http:\/\/luckyman-concerts.de\/?page_id=2408"},"modified":"2025-11-15T16:02:51","modified_gmt":"2025-11-15T14:02:51","slug":"gutschein","status":"publish","type":"page","link":"https:\/\/www.luckymanconcerts.de\/?page_id=2408","title":{"rendered":"GUTSCHEIN"},"content":{"rendered":"<h4>Schenken macht Freude<\/h4>\n<p>Es sind zwei Arten von Gutscheinen m\u00f6glich.&nbsp;Wir k\u00f6nnen Ihnen einen Gutschein f\u00fcr den Besuch einer Veranstaltung von luckyman concerts ausstellen.&nbsp;Weiter bieten wir Ihnen auch einen Gutschein \u00fcber einen von Ihnen gew\u00fcnschten Eurobetrag an. Der Gutschein kann bei Veranstaltungen von luckyman concerts eingel\u00f6st werden.<\/p>\n<p>F\u00fcr die Bestellung eines Gutscheins ben\u00fctzen Sie bite das beiliegende Formular.&nbsp;Ihre Bestellung wird nur dann bearbeitet, wenn das Formular vollst\u00e4ndig ausgef\u00fcllt ist.<\/p>\n<p>Weitere Informationen erhalten Sie auf der Seite <a title=\"AGB\" href=\"https:\/\/www.luckymanconcerts.de\/?page_id=152\" target=\"_blank\" rel=\"noopener\">AGB<\/a>.<\/p>\n<p>Ihre Daten sind bei uns sicher. Die Daten werden verschl\u00fcsselt \u00fcbertragen. Nach Auftragserf\u00fcllung, (nach versenden der Gutscheine oder Abholung der Tickets) werden sie gel\u00f6scht, soweit wir nicht im Rahmen weiterer gesetzlicher Vorschriften zur Aufbewahrung verpflichtet sind.&nbsp;<\/p>\n\n<div class=\"wpcf7 no-js\" id=\"wpcf7-f7537-o1\" lang=\"de-DE\" dir=\"ltr\" data-wpcf7-id=\"7537\">\n<div class=\"screen-reader-response\"><p role=\"status\" aria-live=\"polite\" aria-atomic=\"true\"><\/p> <ul><\/ul><\/div>\n<form action=\"\/index.php?rest_route=%2Fwp%2Fv2%2Fpages%2F2408#wpcf7-f7537-o1\" method=\"post\" class=\"wpcf7-form init\" aria-label=\"Kontaktformular\" novalidate=\"novalidate\" data-status=\"init\">\n<fieldset class=\"hidden-fields-container\"><input type=\"hidden\" name=\"_wpcf7\" value=\"7537\" \/><input type=\"hidden\" name=\"_wpcf7_version\" value=\"6.1.5\" \/><input type=\"hidden\" name=\"_wpcf7_locale\" value=\"de_DE\" \/><input type=\"hidden\" name=\"_wpcf7_unit_tag\" value=\"wpcf7-f7537-o1\" \/><input type=\"hidden\" name=\"_wpcf7_container_post\" value=\"0\" \/><input type=\"hidden\" name=\"_wpcf7_posted_data_hash\" value=\"\" \/>\n<\/fieldset>\n<p>Vorname: (Pflichtfeld)\n<\/p>\n<p><span class=\"wpcf7-form-control-wrap\" data-name=\"Vorname\"><input size=\"40\" maxlength=\"400\" class=\"wpcf7-form-control wpcf7-text wpcf7-validates-as-required\" aria-required=\"true\" aria-invalid=\"false\" value=\"\" type=\"text\" name=\"Vorname\" \/><\/span>\n<\/p>\n<p><span id=\"wpcf7-69f61a22e935c-wrapper\" class=\"wpcf7-form-control-wrap first-name-wrap\" style=\"display:none !important; visibility:hidden !important;\"><label for=\"wpcf7-69f61a22e935c-field\" class=\"hp-message\">Bitte lasse dieses Feld leer.<\/label><input id=\"wpcf7-69f61a22e935c-field\"  class=\"wpcf7-form-control wpcf7-text first-name\" type=\"text\" name=\"first-name\" value=\"\" size=\"40\" tabindex=\"-1\" autocomplete=\"new-password\" \/><\/span>\n<\/p>\n<p><span id=\"wpcf7-69f61a22e9397-wrapper\" class=\"wpcf7-form-control-wrap last-name-wrap\" style=\"display:none !important; visibility:hidden !important;\"><label for=\"wpcf7-69f61a22e9397-field\" class=\"hp-message\">Bitte lasse dieses Feld leer.<\/label><input id=\"wpcf7-69f61a22e9397-field\"  class=\"wpcf7-form-control wpcf7-text last-name\" type=\"text\" name=\"last-name\" value=\"\" size=\"40\" tabindex=\"-1\" autocomplete=\"new-password\" \/><\/span>\n<\/p>\n<p>Name: (Pflichtfeld)\n<\/p>\n<p><span class=\"wpcf7-form-control-wrap\" data-name=\"Name\"><input size=\"40\" maxlength=\"400\" class=\"wpcf7-form-control wpcf7-text wpcf7-validates-as-required\" aria-required=\"true\" aria-invalid=\"false\" value=\"\" type=\"text\" name=\"Name\" \/><\/span>\n<\/p>\n<p>Stra\u00dfe: (Pflichtfeld)\n<\/p>\n<p><span class=\"wpcf7-form-control-wrap\" data-name=\"Strasse\"><input size=\"40\" maxlength=\"400\" class=\"wpcf7-form-control wpcf7-text wpcf7-validates-as-required\" aria-required=\"true\" aria-invalid=\"false\" value=\"\" type=\"text\" name=\"Strasse\" \/><\/span>\n<\/p>\n<p>PLZ \/ Ort: (Pflichtfeld)\n<\/p>\n<p><span class=\"wpcf7-form-control-wrap\" data-name=\"PLZ\"><input size=\"40\" maxlength=\"400\" class=\"wpcf7-form-control wpcf7-text wpcf7-validates-as-required\" aria-required=\"true\" aria-invalid=\"false\" value=\"\" type=\"text\" name=\"PLZ\" \/><\/span>\n<\/p>\n<p>E-Mail-Adresse: (Pflichtfeld)\n<\/p>\n<p><span class=\"wpcf7-form-control-wrap\" data-name=\"your-email\"><input size=\"40\" maxlength=\"400\" class=\"wpcf7-form-control wpcf7-email wpcf7-validates-as-required wpcf7-text wpcf7-validates-as-email\" aria-required=\"true\" aria-invalid=\"false\" value=\"\" type=\"email\" name=\"your-email\" \/><\/span>\n<\/p>\n<p>Telefon: (Pflichtfeld)\n<\/p>\n<p><span class=\"wpcf7-form-control-wrap\" data-name=\"Telefon\"><input size=\"40\" maxlength=\"400\" class=\"wpcf7-form-control wpcf7-text wpcf7-validates-as-required\" aria-required=\"true\" aria-invalid=\"false\" value=\"\" type=\"text\" name=\"Telefon\" \/><\/span>\n<\/p>\n<p>Gutscheinbetrag\n<\/p>\n<p><span class=\"wpcf7-form-control-wrap\" data-name=\"Gutscheinbetrag\"><input size=\"40\" maxlength=\"400\" class=\"wpcf7-form-control wpcf7-text\" aria-invalid=\"false\" value=\"\" type=\"text\" name=\"Gutscheinbetrag\" \/><\/span>\n<\/p>\n<p>Gutscheinempf\u00e4nger\n<\/p>\n<p><span class=\"wpcf7-form-control-wrap\" data-name=\"Gutscheinempfaenger\"><input size=\"40\" maxlength=\"400\" class=\"wpcf7-form-control wpcf7-text\" aria-invalid=\"false\" value=\"\" type=\"text\" name=\"Gutscheinempfaenger\" \/><\/span>\n<\/p>\n<p><input class=\"wpcf7-form-control wpcf7-submit has-spinner\" type=\"submit\" value=\"Senden\" \/>\n<\/p><div class=\"wpcf7-response-output\" aria-hidden=\"true\"><\/div>\n<\/form>\n<\/div>\n\n","protected":false},"excerpt":{"rendered":"<p>Schenken macht Freude Es sind zwei Arten von Gutscheinen m\u00f6glich.&nbsp;Wir k\u00f6nnen Ihnen einen Gutschein f\u00fcr den Besuch einer Veranstaltung von luckyman concerts ausstellen.&nbsp;Weiter bieten wir Ihnen auch einen Gutschein \u00fcber einen von Ihnen gew\u00fcnschten Eurobetrag an. Der Gutschein kann bei Veranstaltungen von luckyman concerts eingel\u00f6st werden. F\u00fcr die Bestellung eines Gutscheins ben\u00fctzen Sie bite das&hellip;<\/p>\n","protected":false},"author":1,"featured_media":0,"parent":0,"menu_order":0,"comment_status":"open","ping_status":"open","template":"","meta":{"_et_pb_use_builder":"","_et_pb_old_content":"","_et_gb_content_width":"","ngg_post_thumbnail":0,"footnotes":""},"class_list":["post-2408","page","type-page","status-publish","hentry"],"_links":{"self":[{"href":"https:\/\/www.luckymanconcerts.de\/index.php?rest_route=\/wp\/v2\/pages\/2408","targetHints":{"allow":["GET"]}}],"collection":[{"href":"https:\/\/www.luckymanconcerts.de\/index.php?rest_route=\/wp\/v2\/pages"}],"about":[{"href":"https:\/\/www.luckymanconcerts.de\/index.php?rest_route=\/wp\/v2\/types\/page"}],"author":[{"embeddable":true,"href":"https:\/\/www.luckymanconcerts.de\/index.php?rest_route=\/wp\/v2\/users\/1"}],"replies":[{"embeddable":true,"href":"https:\/\/www.luckymanconcerts.de\/index.php?rest_route=%2Fwp%2Fv2%2Fcomments&post=2408"}],"version-history":[{"count":2,"href":"https:\/\/www.luckymanconcerts.de\/index.php?rest_route=\/wp\/v2\/pages\/2408\/revisions"}],"predecessor-version":[{"id":19065,"href":"https:\/\/www.luckymanconcerts.de\/index.php?rest_route=\/wp\/v2\/pages\/2408\/revisions\/19065"}],"wp:attachment":[{"href":"https:\/\/www.luckymanconcerts.de\/index.php?rest_route=%2Fwp%2Fv2%2Fmedia&parent=2408"}],"curies":[{"name":"wp","href":"https:\/\/api.w.org\/{rel}","templated":true}]}}