
{"id":5732,"date":"2015-07-10T15:58:29","date_gmt":"2015-07-10T13:58:29","guid":{"rendered":"http:\/\/luckymanconcerts.de\/?page_id=5732"},"modified":"2025-11-12T17:25:56","modified_gmt":"2025-11-12T15:25:56","slug":"sacarium","status":"publish","type":"page","link":"https:\/\/www.luckymanconcerts.de\/?page_id=5732","title":{"rendered":"Sacarium"},"content":{"rendered":"<p><strong>Vorverkauf:<\/strong> 25 \u20ac<\/p>\n<p><strong>Abendkasse:<\/strong> 27 \u20ac<\/p>\n<p><strong>Reservierung: <\/strong>25 \u20ac<br \/>\n<a href=\"https:\/\/www.luckymanconcerts.de\/?page_id=679\">luckyman concerts GbR<\/a>&nbsp; \/ +(49) 179 \/ 13 14 92 2<br \/>\nKiosk am Brunnenhof \/ Garching\/Alz \/ +(49) 08634 \/ 98 66 61 6<\/p>\n<p><strong>Erm\u00e4\u00dfigte Tickets:<\/strong> 20 \u20ac<br \/>\nErm\u00e4\u00dfigung f\u00fcr BUFDIS, Sch\u00fcler, Studenten ud Schwerbehinderte<br \/>\nRollstuhlfahrer zahlen keinen Eintritt \/ Anmeldung unter Tel. +(49) 08634 \/ 98 66 61 6<\/p>\n<p><strong>Vorverkaufstellen:<\/strong><br \/>\n<a href=\"https:\/\/events.fairetickets.de\/dptxn\/c\/GqtIzyx6O\/\" target=\"_blank\" rel=\"noopener\">Faire Tickets GmbH<\/a><br \/>\nGasthaus Zum Br\u00e4u \/ Garching &#8211; Wald\/Alz \/ +(49) 08634 \/ 66 52 29<br \/>\nKiosk am Brunnenhof \/ Garching\/Alz \/ +(49) 08634 \/ 98 66 61 6<\/p>\n<p><strong>Restkarten:<\/strong> An der Abendkasse vorhanden<\/p>\n<p><a href=\"http:\/\/luckymanconcerts.de\/?page_id=152\">Allgemeine Gesch\u00e4ftsbedingungen<\/a><\/p>\n","protected":false},"excerpt":{"rendered":"<p>Vorverkauf: 25 \u20ac Abendkasse: 27 \u20ac Reservierung: 25 \u20ac luckyman concerts GbR&nbsp; \/ +(49) 179 \/ 13 14 92 2 Kiosk am Brunnenhof \/ Garching\/Alz \/ +(49) 08634 \/ 98 66 61 6 Erm\u00e4\u00dfigte Tickets: 20 \u20ac Erm\u00e4\u00dfigung f\u00fcr BUFDIS, Sch\u00fcler, Studenten ud Schwerbehinderte Rollstuhlfahrer zahlen keinen Eintritt \/ Anmeldung unter Tel. +(49) 08634 \/&hellip;<\/p>\n","protected":false},"author":5,"featured_media":0,"parent":0,"menu_order":0,"comment_status":"open","ping_status":"open","template":"","meta":{"_et_pb_use_builder":"","_et_pb_old_content":"","_et_gb_content_width":"","ngg_post_thumbnail":0,"footnotes":""},"class_list":["post-5732","page","type-page","status-publish","hentry"],"_links":{"self":[{"href":"https:\/\/www.luckymanconcerts.de\/index.php?rest_route=\/wp\/v2\/pages\/5732","targetHints":{"allow":["GET"]}}],"collection":[{"href":"https:\/\/www.luckymanconcerts.de\/index.php?rest_route=\/wp\/v2\/pages"}],"about":[{"href":"https:\/\/www.luckymanconcerts.de\/index.php?rest_route=\/wp\/v2\/types\/page"}],"author":[{"embeddable":true,"href":"https:\/\/www.luckymanconcerts.de\/index.php?rest_route=\/wp\/v2\/users\/5"}],"replies":[{"embeddable":true,"href":"https:\/\/www.luckymanconcerts.de\/index.php?rest_route=%2Fwp%2Fv2%2Fcomments&post=5732"}],"version-history":[{"count":18,"href":"https:\/\/www.luckymanconcerts.de\/index.php?rest_route=\/wp\/v2\/pages\/5732\/revisions"}],"predecessor-version":[{"id":19032,"href":"https:\/\/www.luckymanconcerts.de\/index.php?rest_route=\/wp\/v2\/pages\/5732\/revisions\/19032"}],"wp:attachment":[{"href":"https:\/\/www.luckymanconcerts.de\/index.php?rest_route=%2Fwp%2Fv2%2Fmedia&parent=5732"}],"curies":[{"name":"wp","href":"https:\/\/api.w.org\/{rel}","templated":true}]}}